{"id":47,"date":"2018-11-16T18:57:41","date_gmt":"2018-11-16T18:57:41","guid":{"rendered":"https:\/\/info.bdnr.pl\/?page_id=47"},"modified":"2025-12-03T08:48:41","modified_gmt":"2025-12-03T08:48:41","slug":"kontakt","status":"publish","type":"page","link":"https:\/\/info.bdnr.pl\/?page_id=47","title":{"rendered":"Kontakt"},"content":{"rendered":"<p><strong>I Spo\u0142eczne Liceum Og\u00f3lnokszta\u0142c\u0105ce<br \/><\/strong><strong>im. Maharad\u017cy Jama Saheba Digvijay Sinhji<\/strong><\/p>\n<p>ul. Zawiszy 13<br \/>01-167 Warszawa<\/p>\n<p>Media BDNR (szkolne media spo\u0142eczno\u015bciowe)<br \/><a href=\"http:\/\/www.bdnr.pl\" target=\"_blank\" rel=\"noopener\">www.bdnr.pl<\/a><br \/><a href=\"http:\/\/www.facebook.com\/ISLOBednarska\" target=\"_blank\" rel=\"noopener\">www.facebook.com\/ISLOBednarska<\/a><br \/>@islobdnr<\/p>\n<p><strong>Sekretariat: <\/strong><\/p>\n<p>Dorota Zakrzewska<br \/>Magda Mularczyk<\/p>\n<p>tel. 22 828 96 01<br \/>mail: <a href=\"mailto:liceum@bednarska.edu.pl\">liceum@bednarska.edu.pl<\/a><\/p>\n<p>Godziny pracy sekretariatu: 08:00 &#8211; 15:00<\/p>\n<p><strong>Dyrekcja:<\/strong><\/p>\n<p>Wanda \u0141uczak &lt; <a href=\"mailto:wandaluczak@bednarska.edu.pl\">wandaluczak@bednarska.edu.pl<\/a> &gt;<\/p>\n<p>Aleksandra Rutkowska &lt; <a href=\"mailto:arutkowska@bednarska.edu.pl\">arutkowska@bednarska.edu.pl<\/a> &gt;<\/p>\n<p>Marta Miszkurka &lt; <a href=\"mailto:marta.miszkurka@bednarska.edu.pl\">marta.miszkurka@bednarska.edu.pl<\/a> &gt;<\/p>\n<hr \/>\n<p><strong>Rekrutacja do klasy I LO<\/strong><\/p>\n<p>(rejestracja, egzaminy, konkursy)<\/p>\n<p><a href=\"mailto:egzaminy@bednarska.edu.pl\">egzaminy@bednarska.edu.pl<\/a><\/p>\n<hr \/>\n<p><strong>Przyj\u0119cia nowych os\u00f3b w czasie roku szkolnego:<\/strong><\/p>\n<p>Marta Miszkurka: <a href=\"http:\/\/marta.miszkurka@bednarska.edu.pl\" data-cke-saved-href=\"http:\/\/marta.miszkurka@bednarska.edu.pl\">marta.miszkurka<\/a><a href=\"mailto:marta.miszkurka@bednarska.edu.pl\" target=\"_blank\" rel=\"noopener noreferrer\" data-cke-saved-href=\"mailto:elkalewandowska@bednarska.edu.pl\">@bednarska.edu.pl<\/a><\/p>\n<p><em>osoby zainteresowane <u>zmian\u0105<\/u> liceum pisz\u0105 (wy\u0142\u0105cznie!) na ten adres<\/em><\/p>\n<hr \/>\n<p><strong>Rekrutacja dla obcokrajowc\u00f3w:<\/strong><\/p>\n<p><a href=\"mailto:rekrutacja.sprezyna@bednarska.edu.pl\">rekrutacja.sprezyna@bednarska.edu.pl<\/a><\/p>\n\n\n<p><\/p>\n","protected":false},"excerpt":{"rendered":"<p>I Spo\u0142eczne Liceum Og\u00f3lnokszta\u0142c\u0105ceim. Maharad\u017cy Jama Saheba Digvijay Sinhji ul. Zawiszy 1301-167 Warszawa Media BDNR (szkolne media spo\u0142eczno\u015bciowe)www.bdnr.plwww.facebook.com\/ISLOBednarska@islobdnr Sekretariat: Dorota ZakrzewskaMagda Mularczyk tel. 22 828 96 01mail: liceum@bednarska.edu.pl Godziny pracy sekretariatu: 08:00 &#8211; 15:00 Dyrekcja: Wanda \u0141uczak &lt; wandaluczak@bednarska.edu.pl &gt; Aleksandra Rutkowska &lt; arutkowska@bednarska.edu.pl &gt; Marta Miszkurka &lt; marta.miszkurka@bednarska.edu.pl &gt; Rekrutacja do klasy I LO [&hellip;]<\/p>\n","protected":false},"author":1,"featured_media":0,"parent":0,"menu_order":0,"comment_status":"closed","ping_status":"closed","template":"","meta":{"footnotes":""},"class_list":["post-47","page","type-page","status-publish","hentry"],"_links":{"self":[{"href":"https:\/\/info.bdnr.pl\/index.php?rest_route=\/wp\/v2\/pages\/47","targetHints":{"allow":["GET"]}}],"collection":[{"href":"https:\/\/info.bdnr.pl\/index.php?rest_route=\/wp\/v2\/pages"}],"about":[{"href":"https:\/\/info.bdnr.pl\/index.php?rest_route=\/wp\/v2\/types\/page"}],"author":[{"embeddable":true,"href":"https:\/\/info.bdnr.pl\/index.php?rest_route=\/wp\/v2\/users\/1"}],"replies":[{"embeddable":true,"href":"https:\/\/info.bdnr.pl\/index.php?rest_route=%2Fwp%2Fv2%2Fcomments&post=47"}],"version-history":[{"count":13,"href":"https:\/\/info.bdnr.pl\/index.php?rest_route=\/wp\/v2\/pages\/47\/revisions"}],"predecessor-version":[{"id":2362,"href":"https:\/\/info.bdnr.pl\/index.php?rest_route=\/wp\/v2\/pages\/47\/revisions\/2362"}],"wp:attachment":[{"href":"https:\/\/info.bdnr.pl\/index.php?rest_route=%2Fwp%2Fv2%2Fmedia&parent=47"}],"curies":[{"name":"wp","href":"https:\/\/api.w.org\/{rel}","templated":true}]}}