{"id":44,"date":"2018-11-16T18:57:32","date_gmt":"2018-11-16T18:57:32","guid":{"rendered":"https:\/\/info.bdnr.pl\/?page_id=44"},"modified":"2025-11-29T12:18:05","modified_gmt":"2025-11-29T12:18:05","slug":"oplaty-i-formalnosci","status":"publish","type":"page","link":"https:\/\/info.bdnr.pl\/?page_id=44","title":{"rendered":"P\u0142atno\u015bci i formalno\u015bci"},"content":{"rendered":"<p><strong>OP\u0141ATY REKRUTACYJNE<\/strong><\/p>\n<p>Podstawowa op\u0142ata rekrutacyjna wynosi <strong>450 z\u0142otych<\/strong>.<\/p>\n<p>Osoby bior\u0105ce udzia\u0142 w <em>Kursie<\/em> j\u0119zykowym, przygotowuj\u0105cych do nauki w grupie XL (niemiecki ALE-MANIA!) wnosz\u0105 op\u0142at\u0119 rekrutacyjn\u0105 w wysoko\u015bci <strong>650 z\u0142otych <\/strong>(450 z\u0142 op\u0142ata podstawowa + 200 z\u0142 op\u0142ata j\u0119zykowa).<\/p>\n<p>Op\u0142aty te prosimy wnosi\u0107 na konto bankowe do <strong>27 lutego 2026 r. w\u0142\u0105cznie<\/strong>:<\/p>\n<p><strong>Nazwa w\u0142a\u015bciciela konta:<br \/><\/strong><em>I Spo\u0142eczne Liceum Og\u00f3lnokszta\u0142c\u0105ce<\/em><em><br \/>Bank Pekao SA , I oddzia\u0142 w Warszawie<br \/><\/em><strong>Numer konta:<\/strong><em><strong><br \/><\/strong><\/em><em>75 1240 1037 1111 0010 0727 8858<br \/><\/em><strong>Tytu\u0142 przelewu:<\/strong><em><strong><br \/><\/strong>op\u0142ata rekrutacyjna, imi\u0119 i nazwisko, <i>kod egzaminacyjny<\/i><strong><br \/><\/strong><\/em><\/p>\n<hr \/>\n<p>Osoby, kt\u00f3re znajd\u0105 si\u0119 na\u00a0<em>Li\u015bcie przyj\u0119tych do I SLO<\/em>\u00a0wp\u0142acaj\u0105 wpisowe w wysoko\u015bci <strong>1950 z\u0142otych do 11 maja 2026 r. w\u0142\u0105cznie<\/strong>. Brak wp\u0142aty w okre\u015blonym terminie oznacza rezygnacj\u0119 z miejsca w naszym liceum i wi\u0105\u017ce si\u0119 ze skre\u015bleniem z <em>Listy przyj\u0119tych do I SLO<\/em>.<\/p>\n<p>Czesne w I Spo\u0142ecznym Liceum Og\u00f3lnokszta\u0142c\u0105cym wynosi <strong>1950 z\u0142otych<\/strong> miesi\u0119cznie, p\u0142atne na indywidualne konto, od lipca poprzedzaj\u0105cego rozpocz\u0119cie nauki w pierwszej klasie do czerwca ostatniego roku szkolnego nauki w naszym liceum.<\/p>\n<hr \/>\n<p><strong>FORMALNO\u015aCI<\/strong><\/p>\n<p>Prosz\u0119 zapozna\u0107 si\u0119 z <a href=\"https:\/\/bdnr.pl\/wp-content\/uploads\/Procedura-09.2023.pdf\"><em>Procedur\u0105 op\u0142at i windykacji<\/em>.<\/a><\/p>\n<p>Osoby przyj\u0119te do szko\u0142y zobowi\u0105zane s\u0105 do z\u0142o\u017cenia nast\u0119puj\u0105cych dokument\u00f3w <strong>do 3 lipca 2026 r. do godz. 14<sup>00<\/sup><\/strong>:<strong><br \/><\/strong><\/p>\n<ol>\n<li>kwestionariusz (<a href=\"https:\/\/bdnr.pl\/wp-content\/uploads\/kwestionariusz2024.pdf\">pobierz<\/a>)<\/li>\n<li>zgoda na przetwarzanie danych osobowych (<a href=\"https:\/\/bdnr.pl\/wp-content\/uploads\/oswiadczenia-rodo-I-SLO.pdf\">pobierz)<\/a><\/li>\n<li>deklaracja o stanie zdrowia (<a href=\"https:\/\/bdnr.pl\/wp-content\/uploads\/Deklaracja-o-stanie-zdrowia.pdf\">pobierz<\/a>)<\/li>\n<li>\u015bwiadectwo uko\u0144czenia szko\u0142y podstawowej (orygina\u0142)<\/li>\n<li>o\u015bwiadczenie o p\u0142atno\u015bci (<a href=\"https:\/\/info.bdnr.pl\/wp-content\/uploads\/2020\/06\/o\u015bwiadczenie-p\u0142atnika.pdf\">pobierz<\/a>)<\/li>\n<li>dwa zdj\u0119cia do legitymacji (30&#215;42 mmm)<\/li>\n<li>karta zdrowia ucznia \/ uczennicy ze szko\u0142y podstawowej<\/li>\n<\/ol>\n<div>\n<div><span style=\"color: #212529; font-family: Open Sans, sans-serif;\">Nale\u017cy r\u00f3wnie\u017c wys\u0142a\u0107 plik ze zdj\u0119ciem legitymacyjnym opisany: imi\u0119_nazwisko<\/span><\/div>\n<div><span style=\"color: #212529; font-family: Open Sans, sans-serif;\">na adres <a href=\"mailto:liceum@bednarska.edu.pl\" target=\"_blank\" rel=\"noopener noreferrer\">liceum@bednarska.edu.pl<\/a><\/span><\/div>\n<div><span style=\"color: #212529; font-family: Open Sans, sans-serif;\">\u00a0<\/span><\/div>\n<div><span style=\"color: #212529; font-family: Open Sans, sans-serif;\">Jakie warunki musi spe\u0142nia\u0107 zdj\u0119cie:<\/span><\/div>\n<ul>\n<li>Wersja elektroniczna w formacie jpg.<\/li>\n<li>Rozdzielczo\u015bci minimalnej 492 x 633 piksele (zalecamy skanowanie w rozdzielczo\u015bci 600 dpi).<\/li>\n<li>Proporcje odpowiadaj\u0105ce fotografii o wymiarach 35 x 45 mm (szeroko\u015b\u0107 x wysoko\u015b\u0107).<\/li>\n<li>Wielko\u015bci maksymalnej do 2,5 MB.<\/li>\n<li>Bez nakrycia g\u0142owy<\/li>\n<li>T\u0142o bia\u0142e, o\u015bwietlone jednolicie, pozbawione cieni i element\u00f3w ozdobnych.<\/li>\n<\/ul>\n<\/div>\n\n\n<p>Je\u015bli masz rodze\u0144stwo ucz\u0119szczaj\u0105ce do Zespo\u0142u Szk\u00f3\u0142 \u201eBednarska&#8221;, wype\u0142nij dodatkowo <a href=\"https:\/\/bdnr.pl\/wp-content\/uploads\/informacja-o-rodzenstwie.pdf\">ten<\/a> dokument.<\/p>\n\n\n\n<p><\/p>\n","protected":false},"excerpt":{"rendered":"<p>OP\u0141ATY REKRUTACYJNE Podstawowa op\u0142ata rekrutacyjna wynosi 450 z\u0142otych. Osoby bior\u0105ce udzia\u0142 w Kursie j\u0119zykowym, przygotowuj\u0105cych do nauki w grupie XL (niemiecki ALE-MANIA!) wnosz\u0105 op\u0142at\u0119 rekrutacyjn\u0105 w wysoko\u015bci 650 z\u0142otych (450 z\u0142 op\u0142ata podstawowa + 200 z\u0142 op\u0142ata j\u0119zykowa). Op\u0142aty te prosimy wnosi\u0107 na konto bankowe do 27 lutego 2026 r. w\u0142\u0105cznie: Nazwa w\u0142a\u015bciciela konta:I Spo\u0142eczne [&hellip;]<\/p>\n","protected":false},"author":1,"featured_media":0,"parent":0,"menu_order":0,"comment_status":"closed","ping_status":"closed","template":"","meta":{"footnotes":""},"class_list":["post-44","page","type-page","status-publish","hentry"],"_links":{"self":[{"href":"https:\/\/info.bdnr.pl\/index.php?rest_route=\/wp\/v2\/pages\/44","targetHints":{"allow":["GET"]}}],"collection":[{"href":"https:\/\/info.bdnr.pl\/index.php?rest_route=\/wp\/v2\/pages"}],"about":[{"href":"https:\/\/info.bdnr.pl\/index.php?rest_route=\/wp\/v2\/types\/page"}],"author":[{"embeddable":true,"href":"https:\/\/info.bdnr.pl\/index.php?rest_route=\/wp\/v2\/users\/1"}],"replies":[{"embeddable":true,"href":"https:\/\/info.bdnr.pl\/index.php?rest_route=%2Fwp%2Fv2%2Fcomments&post=44"}],"version-history":[{"count":81,"href":"https:\/\/info.bdnr.pl\/index.php?rest_route=\/wp\/v2\/pages\/44\/revisions"}],"predecessor-version":[{"id":2303,"href":"https:\/\/info.bdnr.pl\/index.php?rest_route=\/wp\/v2\/pages\/44\/revisions\/2303"}],"wp:attachment":[{"href":"https:\/\/info.bdnr.pl\/index.php?rest_route=%2Fwp%2Fv2%2Fmedia&parent=44"}],"curies":[{"name":"wp","href":"https:\/\/api.w.org\/{rel}","templated":true}]}}